s divided by 15/(-5) - (-7 + 1)?
2
Let n(h) = -12*h - 26. Calculate the remainder when 108 is divided by n(-4).
20
Suppose 2*b - 244 = -2*b. Suppose 0 = 2*v - 3*o + 21, 4*v + 4*o + 19 = -13. Let h(j) = j**2 + 9*j + 21. What is the remainder when b is divided by h(v)?
19
Let p be (-4)/20*-1 - (-69)/5. Suppose 6*l + 416 = p*l. Calculate the remainder when l is divided by 14.
10
Let n(k) = -2*k - 10. Let q be n(-5). Suppose -40 = -q*v - 5*v. Calculate the remainder when 15 is divided by v.
7
Suppose -5*j + 0*j + 111 = i, 3*j - 2*i - 77 = 0. Suppose 2*o - j = 9. Let v = -105 - -136. Calculate the remainder when v is divided by o.
15
Suppose -6*i + 266 = 13*i. What is the remainder when 419 is divided by i?
13
Suppose 3*h - 3*l = -h - 18, -5*l + 1 = 3*h. Let x = -5 - h. What is the remainder when 10 is divided by (22 - 10)*x/(-4)?
4
Let b = 5 - -45. Calculate the remainder when b is divided by 30.
20
Let f = 2 - 0. Suppose 0 = -2*m - 5*x + 40, 4*x = 4*m - 138 + f. Let a(s) = s**3 + 6*s**2 - 5*s - 19. Calculate the remainder when m is divided by a(-6).
8
Suppose -2*k - 79 + 19 = -2*n, -5*n = -4*k - 147. Calculate the remainder when 672 is divided by n.
24
Let k = 145 + -92. What is the remainder when k is divided by 28?
25
Suppose 34*t + 1676 - 12250 = 0. Let i = -286 + t. What is the remainder when i is divided by 27/2 - (-2)/4?
11
Let k be 53 - -3*(3 + -4). Suppose p - 6*p + k = 0. Calculate the remainder when 38 is divided by p.
8
Let v(k) = -4*k + 22. Let c be v(7). Let a = c - -19. What is the remainder when 34 is divided by a?
8
Let o(x) = 53*x + 16. Let z be o(4). Suppose -44 = -8*b + z. Suppose 4*w = -20, g - 3*w = -g + 33. What is the remainder when b is divided by g?
7
Let t = -11 + 11. Suppose 3*l = -3*c + 102, -3*l + t*l + 42 = c. What is the remainder when c is divided by 11?
8
Let q(x) = x - 7. Let w be q(7). Suppose -3*z - 275 = -5*i, i + w*z = 3*z + 43. Let h = 19 - -1. What is the remainder when i is divided by h?
18
Suppose 0 = 3*n - 2 - 10. Suppose 0 = n*k - k - 48. Calculate the remainder when 30 is divided by k.
14
Let j = 7 + -2. Let a(r) = -r + 66. What is the remainder when a(2) is divided by (2/j)/(1/55)?
20
Let y(l) = 3*l**2 - 82*l + 810. Calculate the remainder when y(11) is divided by 16.
15
Suppose q - 24 = 9*q. Calculate the remainder when 10 is divided by 36/6 + 1 + q.
2
Suppose -2881*u + 2875*u + 204 = 0. What is the remainder when u is divided by 18?
16
Let m(h) = -434*h**3 + 4*h + 5. What is the remainder when m(-1) is divided by 117?
84
Let u = 64 + -34. Suppose 0 = 3*y - 168 + u. What is the remainder when y is divided by 6?
4
Let u(q) be the third derivative of 13*q**2 - 1/4*q**4 + 0 - 5/2*q**3 + 0*q. Calculate the remainder when u(-5) is divided by 4.
3
Suppose -186 = -3*k + 3*z - 6*z, 3*k - 186 = -4*z. Let s = k - -15. What is the remainder when s is divided by 20?
17
Suppose -7*r = -4*r + z - 65, -r + 39 = -4*z. Calculate the remainder when 47 is divided by r.
1
Let b = 18 - 11. Suppose 8*c - 2 - 6 = 0. What is the remainder when 71 is divided by 42/28*(c + b)?
11
Let r(u) = u**3 + 549 + 5*u - 547 + 6*u + 8*u**2. Calculate the remainder when (-1)/4 + (-257)/(-4) is divided by r(-5).
20
Let z(f) = -f**2 - 11*f + 30. Let u be z(-9). Calculate the remainder when 77 is divided by (1/3)/(1/u).
13
Let a(h) = 3*h - 5. Let j(o) = o**2 - 2*o - 12. Let x be j(5). Let c be a(x). Let l = 6 + c. Calculate the remainder when 16 is divided by l.
6
Let s(r) = -r**2 + 27*r - 39. Calculate the remainder when 162 is divided by s(24).
30
What is the remainder when (83/3)/((-1)/(-3)) is divided by 23?
14
Let b(i) = 11*i**2 - 3*i + 2. Let o be b(3). Suppose 4*c + 0 = o. Suppose 2*n = -n + 2*v + 47, -3*n - 2*v = -31. Calculate the remainder when c is divided by n.
10
Let l = 31863 + -31856. Let c be (-1)/1 + 1*-5. Let k(w) = -3*w - 5. What is the remainder when k(c) is divided by l?
6
Let o(n) = n**3 - 10*n**2 + 10*n - 12. Calculate the remainder when o(10) is divided by 18.
16
Let x be (-17)/(4 - 27/6). Let y = x + -33. Suppose 3*c + c - t = 8, c = 2*t + 2. Calculate the remainder when c is divided by y.
0
Suppose -2737*f = -2742*f + 1195. Calculate the remainder when f is divided by 63.
50
Suppose k + 3*k = -u + 1513, -377 = -k + u. What is the remainder when k is divided by 38?
36
Suppose o + 3*b - 150 = 0, -b - 91 = -5*o + 627. Calculate the remainder when o is divided by 31.
20
Let u(f) = 2*f + 4. Let o be u(3). Suppose 0*y - o = -2*y. What is the remainder when 17 is divided by y?
2
Suppose -3*i + 279 = -4*y, 5*i - 2*y = -5*y + 436. Calculate the remainder when i is divided by 31.
27
Let y = 247 + -126. Let a(n) be the first derivative of 4*n**2 + 7*n + 2. What is the remainder when y is divided by a(3)?
28
Suppose 0 = 2*r + 2*w - 210, -r + 92 + 7 = -5*w. Calculate the remainder when r is divided by 35.
34
Suppose -58 + 5 = -y + 3*u, 0 = 3*u. Let j = -66 + 4. Let a = -35 - j. Calculate the remainder when y is divided by a.
26
Suppose -2*q - o + 368 = -365, 3*q = -2*o + 1099. What is the remainder when q is divided by 11?
4
Let y = -52 + 103. Let z(k) = -4*k - 1. Let m be z(-1). What is the remainder when y is divided by m/(-12) + (-219)/(-12)?
15
Let z be 34/(-18) - -2 - (-12160)/(-90). Let w = z + 207. What is the remainder when w is divided by -15*1*(-1 + 0)?
12
Let f(b) = b**2 + 2*b. Suppose g - 7 + 4 = 0. Suppose g*c - 2*c - 45 = -5*v, -4*v = -c - 45. What is the remainder when v is divided by f(-3)?
1
Suppose -4*z - 3*m + 4 = -5*z, 4*z = 5*m - 2. Suppose 48 = 5*g - 4*g - z*r, g = -3*r + 28. Calculate the remainder when 118 is divided by g.
38
Let s(r) be the third derivative of r**5/60 - 5*r**4/8 + 19*r**3/6 - 10*r**2. Calculate the remainder when 9 is divided by s(14).
4
Suppose 17*j + 12*j = 3915. Calculate the remainder when j is divided by 24.
15
Suppose 0 = -5*y + 3*g + 2308, 0 = -3*y + 703*g - 704*g + 1396. What is the remainder when y is divided by 78?
74
Let z = -37 - -38. Let n = -9 + -1. Calculate the remainder when (-15)/6*4/n is divided by z.
0
Suppose -2*p + 5*f + 68 = p, -138 = -5*p - 4*f. Suppose 4*k = 2*k + p. Calculate the remainder when 36 is divided by k.
10
Suppose -49*i + 453 = -1409. Calculate the remainder when 39 is divided by i.
1
Let q(z) = z**2 - 5*z + 3. Let m = 3470 - 3456. Calculate the remainder when q(-4) is divided by m.
11
Let w = 88 + -51. Let d = -142 + 162. Calculate the remainder when w is divided by d.
17
Let d(c) be the third derivative of 11*c**5/60 - c**4/24 - c**3/6 + 38*c**2. Calculate the remainder when 51 is divided by d(1).
6
Suppose 0 = n + 4*h + 12, -5*h = -3*n + 4*n + 17. Suppose -4*g = -4*s + 100, -5*s + g + 94 = -s. What is the remainder when s is divided by n?
7
Let n(u) = -u**3 + 6*u**2 - 5*u + 4. Let r be n(5). Suppose -r*c + 5*x + 52 = -0*c, c - 3*x = 6. Calculate the remainder when 3/18 - 915/(-18) is divided by c.
15
Suppose 9*u - 1504 = -505. Calculate the remainder when u is divided by 52.
7
Let r(x) = 14*x**2 - 11*x + 30. Suppose 4*i = 2*i + 84. What is the remainder when r(3) is divided by i?
39
Let s be ((-6)/7)/(((-45)/(-490))/(-9)). Suppose 5*q - s = -9*q. What is the remainder when 7 is divided by q?
1
Let c(s) = -2*s**2 + 58*s + 68. Calculate the remainder when c(25) is divided by 54.
52
Let w = -701 + 1023. What is the remainder when w is divided by 13?
10
Let l(c) = c**2 - 7*c + 7. Let n be l(6). What is the remainder when (1 - -65) + (n - 4) is divided by 13?
11
Suppose -6*p = -15 - 3. Suppose -3*t + 7*t + 3 = q, -9 = -p*q - 5*t. Let k = 1 - -3. What is the remainder when k is divided by q?
1
Let n = 853 + -804. Suppose 0 = 6*v - 5*v - 5. What is the remainder when n is divided by (3 + (-1 - 0))*v?
9
Let y = 120 + -63. What is the remainder when y is divided by 4?
1
Let x = -29 + 34. Suppose 65 = 3*j - x*z, j - 54 = -j - 2*z. Calculate the remainder when j is divided by 14.
11
Suppose 8*v = -7*v + 840. Suppose -8*x + 7*x = -v. Calculate the remainder when 335 is divided by x.
55
Suppose -4*b = -5*i - 141, -4*b + 131 = -2*i - i. Let v = b + -14. Calculate the remainder when v is divided by 8.
7
Let l = 59 - 57. What is the remainder when 232 is divided by 130/12 + l - 6/(-36)?
11
Suppose 76*v + 6975 = 85*v. What is the remainder when v is divided by